factors of 150736?
2, 9421
List the prime factors of 3838640.
2, 5, 13, 3691
What are the prime factors of 842979?
3, 17, 16529
List the prime factors of 9738755.
5, 13, 149827
List the prime factors of 212683.
212683
What are the prime factors of 1405347?
3, 47, 9967
What are the prime factors of 9618419?
61, 157679
What are the prime factors of 136675?
5, 7, 11, 71
List the prime factors of 318661.
7, 45523
What are the prime factors of 932039?
932039
List the prime factors of 603574.
2, 47, 6421
What are the prime factors of 10865762?
2, 5432881
What are the prime factors of 366320?
2, 5, 19, 241
List the prime factors of 538023.
3, 19, 9439
List the prime factors of 176288.
2, 7, 787
What are the prime factors of 425272?
2, 17, 53, 59
What are the prime factors of 726687?
3, 13, 6211
What are the prime factors of 5367783?
3, 1789261
What are the prime factors of 1761258?
2, 3, 293543
List the prime factors of 16303912.
2, 163, 12503
List the prime factors of 292956.
2, 3, 24413
List the prime factors of 161069.
23, 47, 149
List the prime factors of 9045453.
3, 241, 12511
List the prime factors of 5838874.
2, 379, 7703
What are the prime factors of 7417123?
7, 109, 9721
List the prime factors of 6965645.
5, 109, 12781
What are the prime factors of 671894?
2, 31, 10837
What are the prime factors of 665517?
3, 97, 2287
What are the prime factors of 461119?
461119
List the prime factors of 12235015.
5, 13, 41, 4591
What are the prime factors of 3900962?
2, 13, 59, 2543
What are the prime factors of 3114656?
2, 131, 743
List the prime factors of 135711.
3, 17, 887
List the prime factors of 13987740.
2, 3, 5, 13, 79, 227
What are the prime factors of 29328?
2, 3, 13, 47
List the prime factors of 19967075.
5, 59, 13537
What are the prime factors of 275034?
2, 3, 23, 1993
What are the prime factors of 61658?
2, 30829
List the prime factors of 283843.
7, 23, 41, 43
List the prime factors of 314798.
2, 11, 41, 349
What are the prime factors of 660688?
2, 7, 17, 347
What are the prime factors of 452691?
3, 179, 281
What are the prime factors of 681494?
2, 11, 30977
What are the prime factors of 29116356?
2, 3, 2426363
List the prime factors of 15110150.
2, 5, 11, 83, 331
What are the prime factors of 334048?
2, 11, 13, 73
List the prime factors of 412926.
2, 3, 68821
What are the prime factors of 1400671?
29, 48299
What are the prime factors of 4050508?
2, 7, 11, 13151
What are the prime factors of 4761044?
2, 1190261
What are the prime factors of 1643057?
13, 211, 599
List the prime factors of 35189043.
3, 11729681
What are the prime factors of 2364051?
3, 29, 937
List the prime factors of 1286569.
1286569
What are the prime factors of 100431?
3, 11159
What are the prime factors of 2260921?
13, 173917
List the prime factors of 1245509.
1245509
What are the prime factors of 2563999?
241, 10639
What are the prime factors of 240366?
2, 3, 7, 59, 97
What are the prime factors of 2630816?
2, 19, 4327
List the prime factors of 16240.
2, 5, 7, 29
What are the prime factors of 815900?
2, 5, 41, 199
What are the prime factors of 165028?
2, 41257
What are the prime factors of 11512454?
2, 5756227
List the prime factors of 359181.
3, 53, 251
What are the prime factors of 3489051?
3, 1163017
What are the prime factors of 895629?
3, 7, 42649
What are the prime factors of 15005?
5, 3001
List the prime factors of 9640706.
2, 331, 14563
List the prime factors of 333923.
333923
What are the prime factors of 214130?
2, 5, 7, 19, 23
List the prime factors of 681710.
2, 5, 68171
What are the prime factors of 102447?
3, 11383
What are the prime factors of 2293924?
2, 573481
List the prime factors of 2356175.
5, 79, 1193
What are the prime factors of 5387317?
13, 17, 19, 1283
What are the prime factors of 8154849?
3, 17, 159899
List the prime factors of 52342.
2, 26171
List the prime factors of 91908.
2, 3, 23, 37
List the prime factors of 231571.
231571
What are the prime factors of 49913?
19, 37, 71
List the prime factors of 920564.
2, 373, 617
List the prime factors of 539814.
2, 3, 11, 8179
What are the prime factors of 185095?
5, 37019
What are the prime factors of 1754571?
3, 7, 13, 6427
What are the prime factors of 6240468?
2, 3, 13, 109, 367
List the prime factors of 11229753.
3, 89, 137, 307
List the prime factors of 7664218.
2, 59, 64951
What are the prime factors of 320469?
3, 106823
List the prime factors of 224688.
2, 3, 31, 151
List the prime factors of 3085617.
3, 617, 1667
What are the prime factors of 3187336?
2, 398417
List the prime factors of 139826.
2, 151, 463
What are the prime factors of 5153546?
2, 2576773
List the prime factors of 490398.
2, 3, 37, 47
List the prime factors of 382187.
13, 29399
What are the prime factors of 3064043?
1327, 2309
List the prime factors of 631358.
2, 7, 13, 3469
What are the prime factors of 6959160?
2, 3, 5, 13, 1487
List the prime factors of 31445.
5, 19, 331
List the prime factors of 431058.
2, 3, 71843
List the prime factors of 2611873.
11, 19, 12497
What are the prime factors of 79145?
5, 11, 1439
List the prime factors of 3163307.
7, 451901
What are the prime factors of 421984?
2, 13187
List the prime factors of 1433411.
7, 193, 1061
What are the prime factors of 77377?
77377
What are the prime factors of 265498?
2, 132749
What are the prime factors of 311724?
2, 3, 7, 1237
What are the prime factors of 66870?
2, 3, 5, 743
What are the prime factors of 24541?
11, 23, 97
List the prime factors of 78391.
277, 283
List the prime factors of 2682490.
2, 5, 23, 107, 109
What are the prime factors of 1904438?
2, 952219
What are the prime factors of 459361?
7, 137, 479
List the prime factors of 3485525.
5, 107, 1303
What are the prime factors of 1096624?
2, 68539
What are the prime factors of 5782407?
3, 23, 181, 463
What are the prime factors of 195837?
3, 29, 2251
List the prime factors of 501943.
13, 38611
List the prime factors of 544063.
13, 41851
What are the prime factors of 723206?
2, 11, 71, 463
List the prime factors of 10732135.
5, 127, 16901
What are the prime factors of 1935498?
2, 3, 322583
List the prime factors of 238172.
2, 11, 5413
What are the prime factors of 17670167?
47, 79, 4759
List the prime factors of 196094.
2, 98047
List the prime factors of 760053.
3, 7, 17, 2129
List the prime factors of 6049346.
2, 79, 38287
What are the prime factors of 1801653?
3, 7, 85793
List the prime factors of 5355170.
2, 5, 17, 109
List the prime factors of 4211896.
2, 13, 40499
What are the prime factors of 8649414?
2, 3, 139, 3457
List the prime factors of 172416.
2, 3, 449
What are the prime factors of 3746433?
3, 73, 17107
List the prime factors of 165182.
2, 82591
List the prime factors of 1418220.
2, 3, 5, 7879
List the prime factors of 95986.
2, 11, 4363
What are the prime factors of 23348472?
2, 3, 7, 47, 2957
List the prime factors of 1297794.
2, 3, 73, 2963
List the prime factors of 1455671.
7, 207953
List the prime factors of 20211644.
2, 5052911
List the prime factors of 24562197.
3, 11, 1021
What are the prime factors of 2633549?
37, 109, 653
List the prime factors of 516165.
3, 5, 13, 2647
List the prime factors of 2790668.
2, 367, 1901
List the prime factors of 573074.
2, 101, 2837
What are the prime factors of 4825916?
2, 1206479
List the prime factors of 3287253.
3, 1095751
What are the prime factors of 152559?
3, 11, 23, 67
List the prime factors of 42420.
2, 3, 5, 7, 101
What are the prime factors of 7048153?
7, 1006879
What are the prime factors of 151015?
5, 30203
List the prime factors of 2258678.
2, 281, 4019
List the prime factors of 1246566.
2, 3, 373, 557
List the prime factors of 108986.
2, 54493
What are the prime factors of 1618411?
1618411
What are the prime factors of 889140?
2, 3, 5, 7, 29, 73
What are the prime factors of 74827?
74827
List the prime factors of 30547.
11, 2777
List the prime factors of 97629.
3, 7, 4649
List the prime factors of 2792524.
2, 7, 99733
What are the prime factors of 31892?
2, 7, 17, 67
List the prime factors of 151025.
5, 7, 863
What are the prime factors of 12974218?
2, 43, 59, 2557
What are the prime factors of 633587?
487, 1301
What are the prime factors of 3500791?
7, 500113
What are the prime factors of 452406?
2, 3, 75401
List the prime fac